Dec 01 00:37:09.106 INFO testing sux2mfgj/nslfmt against master#8940af3cea4a9a9deabcaf843b2f8cad9a83fc61 for beta-1.31-5
Dec 01 00:37:09.108 INFO running `"docker" "create" "-v" "/mnt/big/crater/work/local/target-dirs/beta-1.31-5/worker-0/master#8940af3cea4a9a9deabcaf843b2f8cad9a83fc61:/target:rw,Z" "-v" "/mnt/big/crater/work/local/test-source/worker-0/beta-1.31-5/master#8940af3cea4a9a9deabcaf843b2f8cad9a83fc61:/source:ro,Z" "-v" "/mnt/big/crater/work/local/cargo-home:/cargo-home:ro,Z" "-v" "/mnt/big/crater/work/local/rustup-home:/rustup-home:ro,Z" "-e" "USER_ID=1000" "-e" "SOURCE_DIR=/source" "-e" "USER_ID=1000" "-e" "CMD=cargo +8940af3cea4a9a9deabcaf843b2f8cad9a83fc61-alt build --frozen" "-e" "CARGO_TARGET_DIR=/target" "-e" "CARGO_INCREMENTAL=0" "-e" "RUST_BACKTRACE=full" "-e" "RUSTFLAGS=--cap-lints=warn" "-e" "CARGO_HOME=/cargo-home" "-e" "RUSTUP_HOME=/rustup-home" "-m" "1536M" "--network" "none" "crater"`
Dec 01 00:37:09.512 INFO [stdout] 7fab5083ded15b8df3913bdbd68823fb17fef31b1f67c1ef1cbc8320e83319f8
Dec 01 00:37:09.519 INFO running `"docker" "start" "-a" "7fab5083ded15b8df3913bdbd68823fb17fef31b1f67c1ef1cbc8320e83319f8"`
Dec 01 00:37:10.797 INFO [stderr] usermod: no changes
Dec 01 00:37:10.843 INFO [stderr]    Compiling nslfmt v0.0.1 (/source)
Dec 01 00:37:12.863 INFO [stderr] warning: value assigned to `astarisc_flag` is never read
Dec 01 00:37:12.863 INFO [stderr]    --> src/lexer.rs:423:21
Dec 01 00:37:12.864 INFO [stderr]     |
Dec 01 00:37:12.864 INFO [stderr] 423 |                     astarisc_flag = false;
Dec 01 00:37:12.864 INFO [stderr]     |                     ^^^^^^^^^^^^^
Dec 01 00:37:12.865 INFO [stderr]     |
Dec 01 00:37:12.865 INFO [stderr]     = note: #[warn(unused_assignments)] on by default
Dec 01 00:37:12.865 INFO [stderr] 
Dec 01 00:37:13.063 INFO [stderr] warning: field is never used: `number_of_nest`
Dec 01 00:37:13.063 INFO [stderr]  --> src/parser.rs:7:5
Dec 01 00:37:13.064 INFO [stderr]   |
Dec 01 00:37:13.064 INFO [stderr] 7 |     number_of_nest: usize,
Dec 01 00:37:13.064 INFO [stderr]   |     ^^^^^^^^^^^^^^^^^^^^^
Dec 01 00:37:13.064 INFO [stderr]   |
Dec 01 00:37:13.065 INFO [stderr]   = note: #[warn(dead_code)] on by default
Dec 01 00:37:13.065 INFO [stderr] 
Dec 01 00:37:15.921 INFO [stderr] warning: value assigned to `astarisc_flag` is never read
Dec 01 00:37:15.921 INFO [stderr]    --> src/lexer.rs:423:21
Dec 01 00:37:15.921 INFO [stderr]     |
Dec 01 00:37:15.921 INFO [stderr] 423 |                     astarisc_flag = false;
Dec 01 00:37:15.921 INFO [stderr]     |                     ^^^^^^^^^^^^^
Dec 01 00:37:15.921 INFO [stderr]     |
Dec 01 00:37:15.921 INFO [stderr]     = note: #[warn(unused_assignments)] on by default
Dec 01 00:37:15.921 INFO [stderr] 
Dec 01 00:37:16.119 INFO [stderr] warning: method is never used: `peek`
Dec 01 00:37:16.119 INFO [stderr]   --> src/lexer.rs:38:5
Dec 01 00:37:16.119 INFO [stderr]    |
Dec 01 00:37:16.119 INFO [stderr] 38 |     pub fn peek(&mut self, is_pass_nl: bool) -> Option<&Token>
Dec 01 00:37:16.119 INFO [stderr]    |     ^^^^^^^^^^^^^^^^^^^^^^^^^^^^^^^^^^^^^^^^^^^^^^^^^^^^^^^^^^
Dec 01 00:37:16.119 INFO [stderr]    |
Dec 01 00:37:16.119 INFO [stderr]    = note: #[warn(dead_code)] on by default
Dec 01 00:37:16.119 INFO [stderr] 
Dec 01 00:37:16.119 INFO [stderr] warning: field is never used: `number_of_nest`
Dec 01 00:37:16.119 INFO [stderr]  --> src/parser.rs:7:5
Dec 01 00:37:16.119 INFO [stderr]   |
Dec 01 00:37:16.119 INFO [stderr] 7 |     number_of_nest: usize,
Dec 01 00:37:16.119 INFO [stderr]   |     ^^^^^^^^^^^^^^^^^^^^^
Dec 01 00:37:16.119 INFO [stderr] 
Dec 01 00:37:18.291 INFO [stderr]     Finished dev [unoptimized + debuginfo] target(s) in 7.47s
Dec 01 00:37:18.291 INFO [stderr] su: No module specific data is present
Dec 01 00:37:19.074 INFO running `"docker" "inspect" "7fab5083ded15b8df3913bdbd68823fb17fef31b1f67c1ef1cbc8320e83319f8"`
Dec 01 00:37:19.293 INFO running `"docker" "rm" "-f" "7fab5083ded15b8df3913bdbd68823fb17fef31b1f67c1ef1cbc8320e83319f8"`
Dec 01 00:37:19.534 INFO [stdout] 7fab5083ded15b8df3913bdbd68823fb17fef31b1f67c1ef1cbc8320e83319f8
Dec 01 00:37:19.547 INFO running `"docker" "create" "-v" "/mnt/big/crater/work/local/target-dirs/beta-1.31-5/worker-0/master#8940af3cea4a9a9deabcaf843b2f8cad9a83fc61:/target:rw,Z" "-v" "/mnt/big/crater/work/local/test-source/worker-0/beta-1.31-5/master#8940af3cea4a9a9deabcaf843b2f8cad9a83fc61:/source:ro,Z" "-v" "/mnt/big/crater/work/local/cargo-home:/cargo-home:ro,Z" "-v" "/mnt/big/crater/work/local/rustup-home:/rustup-home:ro,Z" "-e" "USER_ID=1000" "-e" "SOURCE_DIR=/source" "-e" "USER_ID=1000" "-e" "CMD=cargo +8940af3cea4a9a9deabcaf843b2f8cad9a83fc61-alt test --frozen --no-run" "-e" "CARGO_TARGET_DIR=/target" "-e" "CARGO_INCREMENTAL=0" "-e" "RUST_BACKTRACE=full" "-e" "RUSTFLAGS=--cap-lints=warn" "-e" "CARGO_HOME=/cargo-home" "-e" "RUSTUP_HOME=/rustup-home" "-m" "1536M" "--network" "none" "crater"`
Dec 01 00:37:20.152 INFO [stdout] 14dcd644061bbec3c1c54df6574fa15b0c78f460cfe26c9b9f9a2500c8f036f1
Dec 01 00:37:20.157 INFO running `"docker" "start" "-a" "14dcd644061bbec3c1c54df6574fa15b0c78f460cfe26c9b9f9a2500c8f036f1"`
Dec 01 00:37:21.402 INFO [stderr] usermod: no changes
Dec 01 00:37:21.463 INFO [stderr]    Compiling nslfmt v0.0.1 (/source)
Dec 01 00:37:22.584 INFO [stderr] warning: static variable `call_count` should have an upper case name such as `CALL_COUNT`
Dec 01 00:37:22.585 INFO [stderr]   --> tests/generator_test.rs:11:1
Dec 01 00:37:22.585 INFO [stderr]    |
Dec 01 00:37:22.585 INFO [stderr] 11 | static call_count: AtomicUsize = AtomicUsize::new(0);
Dec 01 00:37:22.589 INFO [stderr]    | ^^^^^^^^^^^^^^^^^^^^^^^^^^^^^^^^^^^^^^^^^^^^^^^^^^^^^
Dec 01 00:37:22.589 INFO [stderr]    |
Dec 01 00:37:22.589 INFO [stderr]    = note: #[warn(non_upper_case_globals)] on by default
Dec 01 00:37:22.589 INFO [stderr] 
Dec 01 00:37:23.094 INFO [stderr] warning: unused variable: `p`
Dec 01 00:37:23.095 INFO [stderr]     --> tests/parser_test.rs:1186:13
Dec 01 00:37:23.095 INFO [stderr]      |
Dec 01 00:37:23.095 INFO [stderr] 1186 |         let p = Parser::new(&mut l);
Dec 01 00:37:23.096 INFO [stderr]      |             ^ help: consider using `_p` instead
Dec 01 00:37:23.096 INFO [stderr]      |
Dec 01 00:37:23.096 INFO [stderr]      = note: #[warn(unused_variables)] on by default
Dec 01 00:37:23.096 INFO [stderr] 
Dec 01 00:37:23.097 INFO [stderr] warning: unused variable: `module`
Dec 01 00:37:23.097 INFO [stderr]     --> tests/parser_test.rs:1206:13
Dec 01 00:37:23.097 INFO [stderr]      |
Dec 01 00:37:23.098 INFO [stderr] 1206 |         let module = create_node!(ASTClass::Module(
Dec 01 00:37:23.098 INFO [stderr]      |             ^^^^^^ help: consider using `_module` instead
Dec 01 00:37:23.098 INFO [stderr] 
Dec 01 00:37:23.098 INFO [stderr] warning: unused variable: `p`
Dec 01 00:37:23.099 INFO [stderr]     --> tests/parser_test.rs:1751:17
Dec 01 00:37:23.099 INFO [stderr]      |
Dec 01 00:37:23.099 INFO [stderr] 1751 |         let mut p = Parser::new(&mut l);
Dec 01 00:37:23.099 INFO [stderr]      |                 ^ help: consider using `_p` instead
Dec 01 00:37:23.100 INFO [stderr] 
Dec 01 00:37:23.871 INFO [stderr] warning: variable does not need to be mutable
Dec 01 00:37:23.871 INFO [stderr]     --> tests/parser_test.rs:1751:13
Dec 01 00:37:23.871 INFO [stderr]      |
Dec 01 00:37:23.871 INFO [stderr] 1751 |         let mut p = Parser::new(&mut l);
Dec 01 00:37:23.871 INFO [stderr]      |             ----^
Dec 01 00:37:23.871 INFO [stderr]      |             |
Dec 01 00:37:23.871 INFO [stderr]      |             help: remove this `mut`
Dec 01 00:37:23.871 INFO [stderr]      |
Dec 01 00:37:23.871 INFO [stderr]      = note: #[warn(unused_mut)] on by default
Dec 01 00:37:23.871 INFO [stderr] 
Dec 01 00:37:24.211 INFO [stderr] warning: value assigned to `astarisc_flag` is never read
Dec 01 00:37:24.212 INFO [stderr]    --> src/lexer.rs:423:21
Dec 01 00:37:24.212 INFO [stderr]     |
Dec 01 00:37:24.212 INFO [stderr] 423 |                     astarisc_flag = false;
Dec 01 00:37:24.213 INFO [stderr]     |                     ^^^^^^^^^^^^^
Dec 01 00:37:24.235 INFO [stderr]     |
Dec 01 00:37:24.236 INFO [stderr]     = note: #[warn(unused_assignments)] on by default
Dec 01 00:37:24.236 INFO [stderr] 
Dec 01 00:37:24.375 INFO [stderr] warning: value assigned to `astarisc_flag` is never read
Dec 01 00:37:24.375 INFO [stderr]    --> src/lexer.rs:423:21
Dec 01 00:37:24.375 INFO [stderr]     |
Dec 01 00:37:24.375 INFO [stderr] 423 |                     astarisc_flag = false;
Dec 01 00:37:24.375 INFO [stderr]     |                     ^^^^^^^^^^^^^
Dec 01 00:37:24.375 INFO [stderr]     |
Dec 01 00:37:24.375 INFO [stderr]     = note: #[warn(unused_assignments)] on by default
Dec 01 00:37:24.375 INFO [stderr] 
Dec 01 00:37:24.946 INFO [stderr] warning: method is never used: `peek`
Dec 01 00:37:24.946 INFO [stderr]   --> src/lexer.rs:38:5
Dec 01 00:37:24.946 INFO [stderr]    |
Dec 01 00:37:24.946 INFO [stderr] 38 |     pub fn peek(&mut self, is_pass_nl: bool) -> Option<&Token>
Dec 01 00:37:24.946 INFO [stderr]    |     ^^^^^^^^^^^^^^^^^^^^^^^^^^^^^^^^^^^^^^^^^^^^^^^^^^^^^^^^^^
Dec 01 00:37:24.946 INFO [stderr]    |
Dec 01 00:37:24.946 INFO [stderr]    = note: #[warn(dead_code)] on by default
Dec 01 00:37:24.946 INFO [stderr] 
Dec 01 00:37:24.947 INFO [stderr] warning: field is never used: `number_of_nest`
Dec 01 00:37:24.947 INFO [stderr]  --> src/parser.rs:7:5
Dec 01 00:37:24.947 INFO [stderr]   |
Dec 01 00:37:24.951 INFO [stderr] 7 |     number_of_nest: usize,
Dec 01 00:37:24.951 INFO [stderr]   |     ^^^^^^^^^^^^^^^^^^^^^
Dec 01 00:37:24.951 INFO [stderr] 
Dec 01 00:37:25.191 INFO [stderr] warning: field is never used: `number_of_nest`
Dec 01 00:37:25.191 INFO [stderr]  --> src/parser.rs:7:5
Dec 01 00:37:25.191 INFO [stderr]   |
Dec 01 00:37:25.191 INFO [stderr] 7 |     number_of_nest: usize,
Dec 01 00:37:25.191 INFO [stderr]   |     ^^^^^^^^^^^^^^^^^^^^^
Dec 01 00:37:25.191 INFO [stderr]   |
Dec 01 00:37:25.191 INFO [stderr]   = note: #[warn(dead_code)] on by default
Dec 01 00:37:25.191 INFO [stderr] 
Dec 01 00:37:29.368 INFO [stderr]     Finished dev [unoptimized + debuginfo] target(s) in 7.93s
Dec 01 00:37:29.374 INFO [stderr] su: No module specific data is present
Dec 01 00:37:30.134 INFO running `"docker" "inspect" "14dcd644061bbec3c1c54df6574fa15b0c78f460cfe26c9b9f9a2500c8f036f1"`
Dec 01 00:37:30.406 INFO running `"docker" "rm" "-f" "14dcd644061bbec3c1c54df6574fa15b0c78f460cfe26c9b9f9a2500c8f036f1"`
Dec 01 00:37:30.683 INFO [stdout] 14dcd644061bbec3c1c54df6574fa15b0c78f460cfe26c9b9f9a2500c8f036f1
Dec 01 00:37:30.685 INFO running `"docker" "create" "-v" "/mnt/big/crater/work/local/target-dirs/beta-1.31-5/worker-0/master#8940af3cea4a9a9deabcaf843b2f8cad9a83fc61:/target:rw,Z" "-v" "/mnt/big/crater/work/local/test-source/worker-0/beta-1.31-5/master#8940af3cea4a9a9deabcaf843b2f8cad9a83fc61:/source:ro,Z" "-v" "/mnt/big/crater/work/local/cargo-home:/cargo-home:ro,Z" "-v" "/mnt/big/crater/work/local/rustup-home:/rustup-home:ro,Z" "-e" "USER_ID=1000" "-e" "SOURCE_DIR=/source" "-e" "USER_ID=1000" "-e" "CMD=cargo +8940af3cea4a9a9deabcaf843b2f8cad9a83fc61-alt test --frozen" "-e" "CARGO_TARGET_DIR=/target" "-e" "CARGO_INCREMENTAL=0" "-e" "RUST_BACKTRACE=full" "-e" "RUSTFLAGS=--cap-lints=warn" "-e" "CARGO_HOME=/cargo-home" "-e" "RUSTUP_HOME=/rustup-home" "-m" "1536M" "--network" "none" "crater"`
Dec 01 00:37:31.160 INFO [stdout] 2c68f5a66ddf3631a5ea76a939ae463ede85fbabddfbe790f01d4806595f8668
Dec 01 00:37:31.161 INFO running `"docker" "start" "-a" "2c68f5a66ddf3631a5ea76a939ae463ede85fbabddfbe790f01d4806595f8668"`
Dec 01 00:37:32.355 INFO [stderr] usermod: no changes
Dec 01 00:37:32.455 INFO [stderr]     Finished dev [unoptimized + debuginfo] target(s) in 0.04s
Dec 01 00:37:32.465 INFO [stderr]      Running /target/debug/deps/nslfmt-8844a8a9464b969d
Dec 01 00:37:32.479 INFO [stdout] 
Dec 01 00:37:32.479 INFO [stdout] running 0 tests
Dec 01 00:37:32.479 INFO [stdout] 
Dec 01 00:37:32.479 INFO [stdout] test result: ok. 0 passed; 0 failed; 0 ignored; 0 measured; 0 filtered out
Dec 01 00:37:32.479 INFO [stdout] 
Dec 01 00:37:32.483 INFO [stderr]      Running /target/debug/deps/nslfmt-23562587a31d14c9
Dec 01 00:37:32.487 INFO [stderr]      Running /target/debug/deps/generator_test-8579de70a0eff633
Dec 01 00:37:32.487 INFO [stdout] 
Dec 01 00:37:32.487 INFO [stdout] running 0 tests
Dec 01 00:37:32.487 INFO [stdout] 
Dec 01 00:37:32.487 INFO [stdout] test result: ok. 0 passed; 0 failed; 0 ignored; 0 measured; 0 filtered out
Dec 01 00:37:32.487 INFO [stdout] 
Dec 01 00:37:32.493 INFO [stdout] 
Dec 01 00:37:32.493 INFO [stdout] running 20 tests
Dec 01 00:37:32.494 INFO [stdout] test assign_wire_00 ... ok
Dec 01 00:37:32.494 INFO [stdout] test aware_indent_01 ... ok
Dec 01 00:37:32.495 INFO [stdout] test any_00 ... ok
Dec 01 00:37:32.495 INFO [stdout] test aware_indent_02 ... ok
Dec 01 00:37:32.495 INFO [stdout] test define_path ... ok
Dec 01 00:37:32.495 INFO [stdout] test func_self_00 ... ok
Dec 01 00:37:32.496 INFO [stdout] test func_call_00 ... ok
Dec 01 00:37:32.496 INFO [stdout] test comment_00 ... ok
Dec 01 00:37:32.496 INFO [stdout] test func_00 ... ok
Dec 01 00:37:32.497 INFO [stdout] test aware_indent_03 ... ok
Dec 01 00:37:32.500 INFO [stdout] test new_by_file ... ok
Dec 01 00:37:32.500 INFO [stdout] test new_by_stdout ... ok
Dec 01 00:37:32.500 INFO [stdout] test parences ... ok
Dec 01 00:37:32.515 INFO [stdout] test reg_00 ... ok
Dec 01 00:37:32.523 INFO [stdout] test comment_01 ... ok
Dec 01 00:37:32.523 INFO [stderr]      Running /target/debug/deps/lexer_test-6271c3ed4e759ca6
Dec 01 00:37:32.524 INFO [stdout] test wire_01 ... ok
Dec 01 00:37:32.524 INFO [stdout] test output_declare_to_file ... ok
Dec 01 00:37:32.524 INFO [stdout] test return_00 ... ok
Dec 01 00:37:32.525 INFO [stdout] test two_arguments ... ok
Dec 01 00:37:32.525 INFO [stdout] test wire_00 ... ok
Dec 01 00:37:32.525 INFO [stdout] 
Dec 01 00:37:32.525 INFO [stdout] test result: ok. 20 passed; 0 failed; 0 ignored; 0 measured; 0 filtered out
Dec 01 00:37:32.526 INFO [stdout] 
Dec 01 00:37:32.526 INFO [stdout] 
Dec 01 00:37:32.526 INFO [stdout] running 52 tests
Dec 01 00:37:32.539 INFO [stdout] test create_instance_with_string ... ok
Dec 01 00:37:32.539 INFO [stdout] test declare_04 ... ok
Dec 01 00:37:32.540 INFO [stdout] test create_instance_with_file ... ok
Dec 01 00:37:32.540 INFO [stdout] test any_block_00 ... ok
Dec 01 00:37:32.540 INFO [stdout] test braces_and_newline ... ok
Dec 01 00:37:32.541 INFO [stdout] test any_else_00 ... ok
Dec 01 00:37:32.541 INFO [stdout] test declare_func_in ... ok
Dec 01 00:37:32.541 INFO [stdout] test comment_00 ... ok
Dec 01 00:37:32.542 INFO [stdout] test declare_func_out ... ok
Dec 01 00:37:32.542 INFO [stdout] test get_token_eop ... ok
Dec 01 00:37:32.542 INFO [stdout] test get_token_file ... ok
Dec 01 00:37:32.543 INFO [stdout] test func_self_00 ... ok
Dec 01 00:37:32.543 INFO [stdout] test func_block_return ... ok
Dec 01 00:37:32.543 INFO [stdout] test func_block_00 ... ok
Dec 01 00:37:32.543 INFO [stdout] test get_token_new_line ... ok
Dec 01 00:37:32.544 INFO [stdout] test gt_lt_00 ... ok
Dec 01 00:37:32.544 INFO [stdout] test get_token_str ... ok
Dec 01 00:37:32.544 INFO [stdout] test macro_define ... ok
Dec 01 00:37:32.544 INFO [stdout] test macro_else ... ok
Dec 01 00:37:32.545 INFO [stdout] test macro_endif ... ok
Dec 01 00:37:32.545 INFO [stdout] test macro_ifdef ... ok
Dec 01 00:37:32.545 INFO [stdout] test macro_ifndef ... ok
Dec 01 00:37:32.546 INFO [stdout] test macro_include ... ok
Dec 01 00:37:32.546 INFO [stdout] test macro_undef ... ok
Dec 01 00:37:32.546 INFO [stdout] test mem_00 ... ok
Dec 01 00:37:32.547 INFO [stdout] test module_00 ... ok
Dec 01 00:37:32.547 INFO [stdout] test module_wire_00 ... ok
Dec 01 00:37:32.547 INFO [stdout] test module_wire_01 ... ok
Dec 01 00:37:32.547 INFO [stdout] test mutiline_comment_00 ... ok
Dec 01 00:37:32.548 INFO [stdout] test mutiline_comment_01 ... ok
Dec 01 00:37:32.548 INFO [stdout] test declare_with_input ... ok
Dec 01 00:37:32.548 INFO [stdout] test mutiline_comment_02 ... ok
Dec 01 00:37:32.551 INFO [stdout] test define_path ... ok
Dec 01 00:37:32.567 INFO [stdout] test number_00 ... ok
Dec 01 00:37:32.568 INFO [stdout] test number_01 ... ok
Dec 01 00:37:32.568 INFO [stdout] test number ... ok
Dec 01 00:37:32.569 INFO [stdout] test mutiline_comment_03 ... ok
Dec 01 00:37:32.569 INFO [stdout] test newline_in_declare_block ... ok
Dec 01 00:37:32.569 INFO [stdout] test or_00 ... ok
Dec 01 00:37:32.570 INFO [stdout] test next_nl ... ok
Dec 01 00:37:32.570 INFO [stdout] test plus_00 ... ok
Dec 01 00:37:32.572 INFO [stdout] test number_02 ... ok
Dec 01 00:37:32.577 INFO [stdout] test number_03 ... ok
Dec 01 00:37:32.578 INFO [stderr]      Running /target/debug/deps/parser_test-73180a921cde8bf5
Dec 01 00:37:32.579 INFO [stdout] test reg_assignment_00 ... ok
Dec 01 00:37:32.579 INFO [stdout] test reg_00 ... ok
Dec 01 00:37:32.580 INFO [stdout] test pass_newlines ... ok
Dec 01 00:37:32.580 INFO [stdout] test proc_00 ... ok
Dec 01 00:37:32.580 INFO [stdout] test pass_00 ... ok
Dec 01 00:37:32.580 INFO [stdout] test peek_00 ... ok
Dec 01 00:37:32.581 INFO [stdout] test state_00 ... ok
Dec 01 00:37:32.581 INFO [stdout] test state_name_00 ... ok
Dec 01 00:37:32.581 INFO [stdout] test wire_assign_00 ... ok
Dec 01 00:37:32.582 INFO [stdout] 
Dec 01 00:37:32.582 INFO [stdout] test result: ok. 52 passed; 0 failed; 0 ignored; 0 measured; 0 filtered out
Dec 01 00:37:32.582 INFO [stdout] 
Dec 01 00:37:32.588 INFO [stdout] 
Dec 01 00:37:32.588 INFO [stdout] running 77 tests
Dec 01 00:37:32.590 INFO [stdout] test comment::multi_line_comment ... ok
Dec 01 00:37:32.590 INFO [stdout] test declare::declare_03 ... ok
Dec 01 00:37:32.590 INFO [stdout] test declare::func_in_return ... ok
Dec 01 00:37:32.591 INFO [stdout] test declare::func_out_return ... ok
Dec 01 00:37:32.591 INFO [stdout] test declare::func_in ... ok
Dec 01 00:37:32.591 INFO [stdout] test declare::macro_in_declare_01 ... ok
Dec 01 00:37:32.592 INFO [stdout] test declare::multi_bit_input ... ok
Dec 01 00:37:32.593 INFO [stdout] test declare::newline_in_declare_block ... ok
Dec 01 00:37:32.593 INFO [stdout] test declare::declare_only ... ok
Dec 01 00:37:32.594 INFO [stdout] test declare::expression_in_width_block_00 ... ok
Dec 01 00:37:32.595 INFO [stdout] test macros::define_macro2 ... ok
Dec 01 00:37:32.595 INFO [stdout] test declare::output_inout ... ok
Dec 01 00:37:32.595 INFO [stdout] test declare::macro_in_declare_00 ... ok
Dec 01 00:37:32.596 INFO [stdout] test declare::expression_in_width_block_02 ... ok
Dec 01 00:37:32.603 INFO [stdout] test declare::expression_in_width_block_01 ... ok
Dec 01 00:37:32.603 INFO [stdout] test macros::define_macro3 ... ok
Dec 01 00:37:32.604 INFO [stdout] test macros::include_macro ... ok
Dec 01 00:37:32.604 INFO [stdout] test macros::ifndef_macro ... ok
Dec 01 00:37:32.604 INFO [stdout] test macros::define_macro_eof ... ok
Dec 01 00:37:32.604 INFO [stdout] test macros::define_macro_nl ... ok
Dec 01 00:37:32.605 INFO [stdout] test macros::ifdef_macro ... ok
Dec 01 00:37:32.605 INFO [stdout] test macros::undef_macro ... ok
Dec 01 00:37:32.606 INFO [stdout] test module::any_02 ... ok
Dec 01 00:37:32.606 INFO [stdout] test module::any_01 ... ok
Dec 01 00:37:32.606 INFO [stdout] test module::any_else_00 ... ok
Dec 01 00:37:32.606 INFO [stdout] test module::any_00 ... ok
Dec 01 00:37:32.607 INFO [stdout] test macros::if_else_end ... ok
Dec 01 00:37:32.608 INFO [stdout] test module::func_call_00 ... ok
Dec 01 00:37:32.608 INFO [stdout] test module::func_in_module_01 ... ok
Dec 01 00:37:32.608 INFO [stdout] test macros::endif_macro ... ok
Dec 01 00:37:32.609 INFO [stdout] test module::func_in_module_00 ... ok
Dec 01 00:37:32.609 INFO [stdout] test module::func_self_01 ... ok
Dec 01 00:37:32.609 INFO [stdout] test module::func_self_00 ... ok
Dec 01 00:37:32.610 INFO [stdout] test module::func_in_00 ... ok
Dec 01 00:37:32.610 INFO [stdout] test module::func_self_02 ... ok
Dec 01 00:37:32.610 INFO [stdout] test module::function_call_00 ... ok
Dec 01 00:37:32.611 INFO [stdout] test module::func_self_03 ... ok
Dec 01 00:37:32.611 INFO [stdout] test module::if_02 ... ok
Dec 01 00:37:32.611 INFO [stdout] test module::if_00 ... ok
Dec 01 00:37:32.623 INFO [stdout] test module::mem_01 ... ok
Dec 01 00:37:32.624 INFO [stdout] test module::mem_04 ... ok
Dec 01 00:37:32.624 INFO [stdout] test module::module_00 ... ok
Dec 01 00:37:32.625 INFO [stdout] test module::proc_00 ... ok
Dec 01 00:37:32.625 INFO [stdout] test module::proc_01 ... ok
Dec 01 00:37:32.625 INFO [stdout] test module::mem_00 ... ok
Dec 01 00:37:32.625 INFO [stdout] test module::if_01 ... ok
Dec 01 00:37:32.626 INFO [stdout] test module::reg_00 ... ok
Dec 01 00:37:32.626 INFO [stdout] test module::function_call_01 ... ok
Dec 01 00:37:32.626 INFO [stdout] test module::reg_02 ... ok
Dec 01 00:37:32.631 INFO [stdout] test module::reg_05 ... ok
Dec 01 00:37:32.631 INFO [stdout] test module::reg_06 ... ok
Dec 01 00:37:32.631 INFO [stdout] test module::reg_04 ... ok
Dec 01 00:37:32.632 INFO [stdout] test module::reg_assign_00 ... ok
Dec 01 00:37:32.632 INFO [stdout] test module::reg_func_01 ... ok
Dec 01 00:37:32.632 INFO [stdout] test module::return_00 ... ok
Dec 01 00:37:32.633 INFO [stdout] test module::state_name_00 ... ok
Dec 01 00:37:32.633 INFO [stdout] test module::state_name_01 ... ok
Dec 01 00:37:32.633 INFO [stdout] test module::state_procedure_00 ... ok
Dec 01 00:37:32.633 INFO [stdout] test module::state_procedure_01 ... ok
Dec 01 00:37:32.634 INFO [stdout] test module::state_procedure_02 ... ok
Dec 01 00:37:32.634 INFO [stdout] test module::wire_01 ... ok
Dec 01 00:37:32.634 INFO [stdout] test module::wire_02 ... ok
Dec 01 00:37:32.635 INFO [stdout] test module::wire_03 ... ok
Dec 01 00:37:32.635 INFO [stdout] test module::wire_04 ... ok
Dec 01 00:37:32.635 INFO [stdout] test module::wire_05 ... ok
Dec 01 00:37:32.636 INFO [stdout] test module::wire_assign_00 ... ok
Dec 01 00:37:32.636 INFO [stdout] test module::wire_assign_01 ... ok
Dec 01 00:37:32.636 INFO [stdout] test module::wire_assign_02 ... ok
Dec 01 00:37:32.636 INFO [stdout] test module::wire_assign_03 ... ok
Dec 01 00:37:32.637 INFO [stdout] test module::reg_03 ... ok
Dec 01 00:37:32.637 INFO [stdout] test module::reg_func_00 ... ok
Dec 01 00:37:32.647 INFO [stdout] test module::mem_02 ... ok
Dec 01 00:37:32.647 INFO [stdout] test module::mem_03 ... ok
Dec 01 00:37:32.648 INFO [stdout] test declare::one_bit_input ... ok
Dec 01 00:37:32.648 INFO [stdout] test simple_tests::end_of_program ... ok
Dec 01 00:37:32.648 INFO [stdout] test module::reg_01 ... ok
Dec 01 00:37:32.707 INFO [stdout] test module::if_03 ... FAILED
Dec 01 00:37:32.707 INFO [stderr] error: test failed, to rerun pass '--test parser_test'
Dec 01 00:37:32.707 INFO [stdout] 
Dec 01 00:37:32.707 INFO [stdout] failures:
Dec 01 00:37:32.707 INFO [stdout] 
Dec 01 00:37:32.707 INFO [stdout] ---- module::if_03 stdout ----
Dec 01 00:37:32.707 INFO [stdout] thread 'module::if_03' panicked at 'explicit panic', tests/parser_test.rs:1752:9
Dec 01 00:37:32.707 INFO [stdout] stack backtrace:
Dec 01 00:37:32.707 INFO [stdout]    0:     0x559d59d9bb0f - std::sys::unix::backtrace::tracing::imp::unwind_backtrace::h3a8b83e1922cbdde
Dec 01 00:37:32.707 INFO [stdout]                                at libstd/sys/unix/backtrace/tracing/gcc_s.rs:49
Dec 01 00:37:32.707 INFO [stdout]    1:     0x559d59da4b57 - std::sys_common::backtrace::print::h00d3155a29b4020f
Dec 01 00:37:32.707 INFO [stdout]                                at libstd/sys_common/backtrace.rs:71
Dec 01 00:37:32.707 INFO [stdout]                                at libstd/sys_common/backtrace.rs:59
Dec 01 00:37:32.707 INFO [stdout]    2:     0x559d59d9f83f - std::panicking::default_hook::{{closure}}::hd7465c742e79e1bb
Dec 01 00:37:32.707 INFO [stdout]                                at libstd/panicking.rs:211
Dec 01 00:37:32.707 INFO [stdout]    3:     0x559d59d9f53e - std::panicking::default_hook::h9e3966f2aa2a6e12
Dec 01 00:37:32.707 INFO [stdout]                                at libstd/panicking.rs:221
Dec 01 00:37:32.707 INFO [stdout]    4:     0x559d59d9ff1e - std::panicking::rust_panic_with_hook::h587f091ae747d080
Dec 01 00:37:32.707 INFO [stdout]                                at libstd/panicking.rs:476
Dec 01 00:37:32.707 INFO [stdout]    5:     0x559d59d721a7 - std::panicking::begin_panic::h2d2f65bf649328d2
Dec 01 00:37:32.707 INFO [stdout]                                at libstd/panicking.rs:410
Dec 01 00:37:32.707 INFO [stdout]    6:     0x559d59cfd9f8 - parser_test::module::if_03::h1d4c1ec9610750d7
Dec 01 00:37:32.707 INFO [stdout]                                at tests/parser_test.rs:1752
Dec 01 00:37:32.707 INFO [stdout]    7:     0x559d59cfd909 - parser_test::module::if_03::{{closure}}::h4bf7a21692761fba
Dec 01 00:37:32.707 INFO [stdout]                                at tests/parser_test.rs:1748
Dec 01 00:37:32.707 INFO [stdout]    8:     0x559d59d0985d - core::ops::function::FnOnce::call_once::haf243dffc766cd68
Dec 01 00:37:32.707 INFO [stdout]                                at libcore/ops/function.rs:238
Dec 01 00:37:32.707 INFO [stdout]    9:     0x559d59d19a7e - <F as alloc::boxed::FnBox<A>>::call_box::hac903f91577a156c
Dec 01 00:37:32.707 INFO [stdout]                                at libtest/lib.rs:1468
Dec 01 00:37:32.707 INFO [stdout]                                at libcore/ops/function.rs:238
Dec 01 00:37:32.707 INFO [stdout]                                at liballoc/boxed.rs:672
Dec 01 00:37:32.707 INFO [stdout]   10:     0x559d59dafb09 - __rust_maybe_catch_panic
Dec 01 00:37:32.707 INFO [stdout]                                at libpanic_unwind/lib.rs:102
Dec 01 00:37:32.707 INFO [stdout]   11:     0x559d59d3b6d2 - std::sys_common::backtrace::__rust_begin_short_backtrace::hb8f0d0309526c184
Dec 01 00:37:32.707 INFO [stdout]                                at libstd/panicking.rs:289
Dec 01 00:37:32.707 INFO [stdout]                                at libstd/panic.rs:392
Dec 01 00:37:32.707 INFO [stdout]                                at libtest/lib.rs:1423
Dec 01 00:37:32.707 INFO [stdout]                                at libstd/sys_common/backtrace.rs:136
Dec 01 00:37:32.707 INFO [stdout]   12:     0x559d59d3c184 - std::panicking::try::do_call::hc2f7c8b9a348d8db
Dec 01 00:37:32.707 INFO [stdout]                                at libstd/thread/mod.rs:409
Dec 01 00:37:32.707 INFO [stdout]                                at libstd/panic.rs:313
Dec 01 00:37:32.707 INFO [stdout]                                at libstd/panicking.rs:310
Dec 01 00:37:32.707 INFO [stdout]   13:     0x559d59dafb09 - __rust_maybe_catch_panic
Dec 01 00:37:32.708 INFO [stdout]                                at libpanic_unwind/lib.rs:102
Dec 01 00:37:32.708 INFO [stdout]   14:     0x559d59d293bc - <F as alloc::boxed::FnBox<A>>::call_box::h6bfded618e480b32
Dec 01 00:37:32.708 INFO [stdout]                                at libstd/panicking.rs:289
Dec 01 00:37:32.708 INFO [stdout]                                at libstd/panic.rs:392
Dec 01 00:37:32.708 INFO [stdout]                                at libstd/thread/mod.rs:408
Dec 01 00:37:32.708 INFO [stdout]                                at liballoc/boxed.rs:672
Dec 01 00:37:32.708 INFO [stdout]   15:     0x559d59d9d72d - std::sys_common::thread::start_thread::h4c28257d67cdf9cb
Dec 01 00:37:32.708 INFO [stdout]                                at liballoc/boxed.rs:682
Dec 01 00:37:32.708 INFO [stdout]                                at libstd/sys_common/thread.rs:24
Dec 01 00:37:32.708 INFO [stdout]   16:     0x559d59d92c45 - std::sys::unix::thread::Thread::new::thread_start::hfecb2e7eff8fd34f
Dec 01 00:37:32.708 INFO [stdout]                                at libstd/sys/unix/thread.rs:90
Dec 01 00:37:32.708 INFO [stdout]   17:     0x7f85810386b9 - start_thread
Dec 01 00:37:32.708 INFO [stdout]   18:     0x7f8580b5841c - clone
Dec 01 00:37:32.708 INFO [stdout]   19:                0x0 - <unknown>
Dec 01 00:37:32.708 INFO [stdout] 
Dec 01 00:37:32.708 INFO [stdout] 
Dec 01 00:37:32.708 INFO [stdout] failures:
Dec 01 00:37:32.708 INFO [stdout]     module::if_03
Dec 01 00:37:32.708 INFO [stdout] 
Dec 01 00:37:32.708 INFO [stdout] test result: FAILED. 76 passed; 1 failed; 0 ignored; 0 measured; 0 filtered out
Dec 01 00:37:32.708 INFO [stdout] 
Dec 01 00:37:32.718 INFO [stderr] su: No module specific data is present
Dec 01 00:37:33.391 INFO running `"docker" "inspect" "2c68f5a66ddf3631a5ea76a939ae463ede85fbabddfbe790f01d4806595f8668"`
Dec 01 00:37:33.646 INFO running `"docker" "rm" "-f" "2c68f5a66ddf3631a5ea76a939ae463ede85fbabddfbe790f01d4806595f8668"`
Dec 01 00:37:33.902 INFO [stdout] 2c68f5a66ddf3631a5ea76a939ae463ede85fbabddfbe790f01d4806595f8668
